ate the remainder when 332/4 - (2 + 2) is divided by s(m).
39
Let k = -288 - -287. Let g(w) = 143*w**2 + 5*w + 1. What is the remainder when g(k) is divided by 70?
69
Let v(a) = -8*a - 68. Let x be v(-9). Suppose x*b = b + 105. Let w = -8 - -17. What is the remainder when b is divided by w?
8
Let m = -1177 - -1200. Suppose 16 + 4 = 5*x. Suppose x*g + g = 25. Calculate the remainder when m is divided by g.
3
Let b = 5640 - 5457. What is the remainder when 395 is divided by b?
29
Suppose -5*h - 49 = 1. Let j be h/6 + 231/63. Suppose -3*l - j*x = 3*x - 134, -174 = -3*l + 3*x. Calculate the remainder when l is divided by 11.
9
Suppose 20*m - 24*m + 56 = 0. Calculate the remainder when 2/m + (-1044)/(-42) is divided by ((-130)/(-30))/((-1)/(-3)).
12
Let n be 3 - (-9 + 8) - -58. Suppose -59*c = -n*c + 717. Calculate the remainder when c is divided by 12.
11
Suppose 0 = -2*r + 87 + 19. Let p(j) = -228*j + 177. Let g be p(1). Let z = r + g. Calculate the remainder when 6 is divided by z.
0
Let n = 2645 - 2601. Calculate the remainder when 404 is divided by n.
8
Suppose -1177 = 35*z - 8667. What is the remainder when z is divided by 56?
46
Let l = 77 + -52. Let p = 42 - l. Let i(y) = -y**3 - 10*y**2 + 4*y - 28. What is the remainder when i(-11) is divided by p?
15
Let t(j) = 4*j - 5. Let w be 54/10 - (-6)/(-15). Let k = 76635 + -76487. What is the remainder when k is divided by t(w)?
13
Let q = -14039 + 14100. Let u = 1 + 181. Calculate the remainder when u is divided by q.
60
Let t(q) = -q. Let n(w) = -w + 53. Let u(b) = 2*n(b) + 2*t(b). Calculate the remainder when 51 is divided by u(23).
9
Suppose 589 = -5*o - 4*p + 2*p, -5*o - p = 587. Let b = 1406 + -1391. Calculate the remainder when 74 is divided by o/6*(-1 + 5/b).
9
Suppose -420 = -7*z + 224. Let d = z + -36. What is the remainder when 331 is divided by d?
51
Let o(c) = -c**2 - 9*c - 4. Let p be o(-8). Suppose -3*n - b + 68 = 0, 2*n - 26 = p*b + 10. Let x = 39 - n. Calculate the remainder when x is divided by 9.
8
What is the remainder when 412 is divided by 297*(-102)/(-612)*2*1?
16
Let a(t) = -7*t - 4. Let k be (-124)/31 - (0 - -2). What is the remainder when 3/(((-12)/2)/k) + 68 is divided by a(-4)?
23
Suppose -i = 3*i - 372. What is the remainder when i is divided by 168/(-70) + 1512/30?
45
Let x = 246 - 122. Let j = -119 + x. Suppose -j*r - 45 = -5*d, 2*d - 3*r = 12 + 7. What is the remainder when d is divided by 2?
0
Suppose 0 = 5*a - 30, 187*a - 188*a + 8226 = 4*t. What is the remainder when t is divided by 2045?
10
What is the remainder when 1044195/603 + 7/3 is divided by 334?
64
Let x = 973 - 795. Calculate the remainder when x is divided by 118.
60
What is the remainder when 338 is divided by (-12 - (-391)/115)*(1 + 0)*-5?
37
Let w(g) = -g**2 - 27*g + 221. What is the remainder when 550 is divided by w(-33)?
21
Let h be 2/4 - 220/40. Let u(k) = -k - 9. Let i(c) = 3*c + 25. Let f(w) = -4*i(w) - 14*u(w). Calculate the remainder when 47 is divided by f(h).
15
Suppose -5*h + 6 + 44 = 0. Let b = 6203 - 6195. Suppose -14 = -h*q + b*q. Calculate the remainder when 33 is divided by q.
5
Suppose 41*c - 11376 = 10600. Calculate the remainder when c is divided by 109.
100
Let v(s) = -s**3 - 40*s**2 + 2*s + 83. Let o be v(-40). Suppose -2*d + 627 = o*a, -a + 3*a = -5*d + 429. Calculate the remainder when a is divided by 16.
15
Suppose q + 5 - 51 = 0. Suppose q = -j + 65. Calculate the remainder when 53 is divided by j.
15
Let j(l) = -l**2 - 46*l + 1821. What is the remainder when 163 is divided by j(25)?
25
Let x(t) = t**2 - 119*t + 3137. Calculate the remainder when x(35) is divided by 10.
7
Suppose 40 = -11*a + 73. Suppose -a*x = 5*w - 96 - 27, -w = 4*x - 28. Calculate the remainder when 110 is divided by w.
14
Let v(y) = 23*y**3 - 26*y**3 - 6*y**2 + 5*y**3 - 5 + 9*y. Calculate the remainder when 282 is divided by v(3).
18
Let s(u) = -17*u - 326. Let n be s(12). Let r = -233 - n. Calculate the remainder when r is divided by 18.
9
Suppose 4*i = 3*m + 161, i + 2*i = -5*m + 99. Suppose 2*w - 2*q - 5022 = -4820, w + 4*q - 86 = 0. Calculate the remainder when w is divided by i.
22
Let l(d) = 4*d**2 + 62*d - 197. What is the remainder when l(-39) is divided by 31?
28
Suppose 19*p = 28*p + 18. Calculate the remainder when 111 is divided by 10180/260 - p/(-13).
33
Suppose 2*y + 692 = -y - 5*o, 4*o = -3*y - 688. Let r = y + 442. What is the remainder when r is divided by 73?
72
Suppose -17*s = -22*s + 50. Calculate the remainder when 32 is divided by (-15)/(-5) + s + (-3 - -2).
8
Suppose 130 = 5*a - 2*b, 2*a - 5*b - 13 = 39. Let p = 745 - 727. Calculate the remainder when a is divided by p.
8
Let y(n) = 2*n**3 - 97*n**2 - 96*n - 293. Calculate the remainder when y(50) is divided by 11.
9
Let a(u) = -u**3 - u**2 + 8*u - 1. Let y be a(2). Suppose 4*h + z - 669 = -0*h, -h = y*z - 181. Calculate the remainder when h is divided by 6.
4
Let i(d) = -3*d - 2. Let p = 424 - 422. Suppose 5*f = 4*t - 469, 3*t = -3*f - p*f + 343. What is the remainder when t is divided by i(-5)?
12
Suppose -9*x = -18251 + 16577. What is the remainder when 899 is divided by x?
155
Suppose 0 = x - 2*b - 7, 0 = 2*x + 3*x + 2*b - 71. Let r(l) be the first derivative of 3*l**2 + 30*l - 34. What is the remainder when r(x) is divided by 37?
34
Suppose -6255 = -611*v + 19335 + 19624. What is the remainder when 184 is divided by v?
36
Let x(k) = 2*k**3 + 22*k**2 + k + 38. Let p be (14/(-3) + 1)*(-12 - -15). What is the remainder when 265 is divided by x(p)?
22
Suppose 4*k + 510 = -2*y, -3*y - 249 = -9*k + 11*k. Suppose 535 = 2*m + 5*l, -l = -2*m + 512 - 7. Calculate the remainder when m is divided by 3/((-1)/(k/9)).
40
Let s = 5 + -2. Let y be (-2)/(s + 5/(-2)). Calculate the remainder when 12 - (4 + 1 + y) is divided by 3.
2
Suppose 68*v - 63*v = -30. What is the remainder when 6/((-190)/376*v + -3) is divided by 64?
60
Let b = 191 + -402. Let a = b - -222. What is the remainder when 47 is divided by a?
3
Let g = 540 - 236. Suppose 3*m = -13*m + g. What is the remainder when m is divided by 4?
3
Let x = 730 + -1204. Let q = x + 679. Calculate the remainder when q is divided by 71.
63
Suppose -180 + 158 = -11*h. Suppose -h*z - 25 = -79. What is the remainder when 30 is divided by z?
3
Suppose -o = 4*w + 1842 - 1888, -2*o - 5*w + 98 = 0. Calculate the remainder when 697 is divided by o.
49
Let o = 465 - 460. Suppose 4 = 2*b, -o*m + 207 = -5*b + b. Calculate the remainder when m is divided by 22.
21
Let n = -4933 + 5142. Let h(u) = -3*u + 6. What is the remainder when n is divided by h(-5)?
20
Suppose x + 5*k = 4132, -x + 2607 = -3*k - 1493. Suppose -16*v - 800 + x = 0. Calculate the remainder when v is divided by 30.
27
Let w(u) = -2*u**3 - 58*u**2 + 41*u - 377. Calculate the remainder when w(-30) is divided by 36.
13
Suppose -2*d - 212 = -7*d - 167. What is the remainder when -150*(-2 - -1)/1 is divided by d?
6
Let t(k) = -5*k + 23. Let g be ((-36)/(-4))/(-3) - -3. Suppose 3*v + 3 + 18 = g. What is the remainder when t(v) is divided by 15?
13
Let t(p) be the first derivative of p**2/2 + 22*p + 5. Calculate the remainder when 5/((-30)/(-279))*8/6 is divided by t(0).
18
Let i = 746 - 742. Suppose -i*y + 5*z + 68 = 9*z, 5*y + 4*z = 89. Calculate the remainder when 32 is divided by y.
11
Suppose 10 = 8*l + 2. Calculate the remainder when 63 is divided by 9/(-3) - (-22 - -3 - l).
12
Suppose 2*l + 4*z - 226 = -2, l = 5*z + 112. Let s = -181960 - -182009. What is the remainder when l is divided by s?
14
Let q = -47 + 52. Let y be (-11)/(33/(-60)) - (q + -2). Let m = y - -4. What is the remainder when 40 is divided by m?
19
Let g(b) = -16*b**3 - 9*b**2 - 9*b - 22. Calculate the remainder when g(-3) is divided by 45.
41
Suppose 9 + 1 = 5*d. Suppose 0*l = -d*l + 66. Calculate the remainder when l is divided by 178/30 - (-159)/2385.
3
Let v = 77 - -139. Calculate the remainder when 174 is divided by (-16)/(-28) - v/(-14).
14
Let x(y) = -9*y + 14. Let v(u) = u**3 + 8*u**2 + 6*u - 1. Let d be v(-7). Let t be x(d). Let a = t + 48. What is the remainder when 31 is divided by a?
7
Suppose -15 = 2*u - 29, -z = -u - 355. What is the remainder when 756 is divided by z?
32
What is the remainder when 346 is divided by (-6603)/(-66)*-2*-1 - (-52)/(-572)?
1